3
Suppose -4*n = -71 + 19. Let a(x) = -x**3 + 12*x**2 + 13*x - 13. Let c be a(n). Let t(b) = -b + 31. List the prime factors of t(c).
2, 11
Suppose 3*w = -2*j - 21, -49 = 5*j + 4*w - 7. List the prime factors of ((-15)/j)/(3/18).
3, 5
Let o be 11/10 + 9/(-90). Let p(c) = 135*c**2 + 2*c. What are the prime factors of p(o)?
137
Let l = -600 + 624. List the prime factors of l.
2, 3
Let z(p) = 10*p - 5*p - 2 - 2 + p**2 + 0*p**2. Let q be z(-6). What are the prime factors of q/3 - (-1199)/33?
37
Suppose 0 = 124*q - 111*q - 23855. What are the prime factors of q?
5, 367
Suppose -8*y - 539 = -9059. What are the prime factors of 2*-2*y/(-30)?
2, 71
Let x = 928 + 170. What are the prime factors of x?
2, 3, 61
Let c(x) = 8 - 3*x**3 + 0*x**3 - 2*x**3 + 4*x**3 - 9*x**2 + 3*x. What are the prime factors of c(-10)?
2, 3, 13
What are the prime factors of ((66/12)/11)/((-2)/(-1508))?
13, 29
List the prime factors of (-569)/((-6)/(-16) - 11/8).
569
Suppose -4*i + 52 = -208. Suppose -7 = -2*a + i. Suppose 0 = -d - 0*d + m + a, 5*d + 4*m = 216. What are the prime factors of d?
2, 5
Let f(m) = -m**3 - 3*m**2 + m + 1. Let o be f(1). What are the prime factors of (63/18)/(o/(-16))?
2, 7
What are the prime factors of ((-1169)/(-7) + -1)*(-5)/(-2)?
5, 83
Suppose -5213 = -2*t + p - 361, -2*t + 5*p = -4844. List the prime factors of t.
3, 809
Suppose -1626 = -4*n - 2*y, -2033 = 16*n - 21*n - 2*y. What are the prime factors of n?
11, 37
Suppose 0 = -9*r + 9677 + 12904. List the prime factors of r.
13, 193
Let c(i) be the second derivative of i**4/6 + 2*i**3/3 - i**2/2 + 3*i. Let g(n) = n**2 + 3*n - 1. Let o(u) = 3*c(u) - 4*g(u). List the prime factors of o(-6).
73
Let s = 499 + 2819. What are the prime factors of s?
2, 3, 7, 79
Let a(b) = b + 15 + b**2 + 16 - 9 + 15*b. List the prime factors of a(-18).
2, 29
What are the prime factors of (4 - (-2889)/(-12))*-8?
2, 947
Suppose 56*q - 2*g - 1210 = 51*q, -q + 215 = 5*g. List the prime factors of q.
2, 3, 5
Let q(k) = k**2 + 12*k + 8. Let j be q(-9). Let m(c) = -7*c - 34. What are the prime factors of m(j)?
3, 11
Suppose -4*m + 2*x = 5*x + 9, 3*m + 5*x + 15 = 0. Suppose 10*h - 2*h - 96 = 0. Suppose m*v + 3*v = h. List the prime factors of v.
2
Let h = 38 + -27. Let j = h + -8. Suppose 35 = j*r + 2. What are the prime factors of r?
11
Let d = 6 + 2580. List the prime factors of d.
2, 3, 431
List the prime factors of (-1 - -501) + (37 - 30).
3, 13
Let b be (-6)/15 + (-2115)/25. Let m = b + 152. What are the prime factors of m?
67
List the prime factors of ((-731)/(-5))/((-38)/(-190)).
17, 43
Suppose -3*q + k = 2, 4*k = q - 6*q - 9. Let z = q - -123. List the prime factors of z.
2, 61
Let o be (-12)/(-7) + (-4)/(-14). Let u(n) = -12*n - 5. Let f(c) = -4*c - 2. Let s(h) = 14*f(h) - 6*u(h). List the prime factors of s(o).
2, 17
Let u(t) = -6 + t**3 - 13*t**2 + t**3 - t**3 + 15*t. List the prime factors of u(12).
2, 3, 5
Let a = -34 + 58. Suppose 8*i - a = 10*i. Let u = 55 + i. List the prime factors of u.
43
Let r(v) = -6*v + 1. Let b be r(-1). Suppose -b*p - 177 = -10*p. Let y = p + -39. List the prime factors of y.
2, 5
Let z(o) = 482*o**2 + 3*o. Let f be z(-2). Suppose 11*n = f + 366. What are the prime factors of n?
2, 13
Let z = 11 - 4. Suppose 2*k - z = 1. Suppose -172 = k*o - 8*o. What are the prime factors of o?
43
Suppose 0 = s - 4*s - 18. Let j = s + 34. What are the prime factors of j?
2, 7
Let q(s) = -s**2 + 10*s - 5. Let l be q(10). Let h be (-8)/(-6)*12/(-8). Let a = h - l. What are the prime factors of a?
3
Let g = 77 + 27. Let x = g - 50. List the prime factors of x.
2, 3
Suppose -3*c + 11*c = 88. Suppose c*h = 12*h - 126. List the prime factors of h.
2, 3, 7
Suppose 4 = u + f + 4*f, 0 = -2*u - 3*f + 8. Suppose -2*r - h = -79, -u*r + 85 = -2*r - 5*h. List the prime factors of r.
2, 5
Let d(l) = l**3 - 30*l**2 + 9*l + 40. Let a = 24 + 6. List the prime factors of d(a).
2, 5, 31
Suppose -2*w + w - 5*f + 3843 = 0, 15372 = 4*w + 3*f. List the prime factors of w.
3, 7, 61
Suppose 2*v - 3 = v. Suppose -3*s = 5*f - 49, -4*s + 3*f + 2*f + 7 = 0. Suppose -v*p + 4 = -s. What are the prime factors of p?
2
Let r be (340/15)/(2/(-42)). List the prime factors of 17/(r/(-1200)) + (-2)/(-14).
43
Let l = 114 + 489. What are the prime factors of l?
3, 67
Let t = 71 + -71. Suppose -2*q + 282 = -t*q. What are the prime factors of q?
3, 47
Suppose 60*t + 5*l + 8846 = 63*t, 0 = -2*t - 3*l + 5929. List the prime factors of t.
2957
Let h(s) = s**2 + s + 1. Let i be h(-1). Suppose i = -r, -6*r + r - 323 = -3*j. Suppose 3*u + 113 + j = 5*z, z + 2*u = 36. List the prime factors of z.
2, 3, 7
Suppose -5*n + 0*j - j + 2526 = 0, 1520 = 3*n + 5*j. List the prime factors of n.
5, 101
Let o(g) = 4*g**2 - 25*g - 4. What are the prime factors of o(-4)?
2, 5
Let v(c) = -c + 14. Let l be v(10). Suppose 0 = -q - 2*r + 144, l*q - 582 = -2*r - 0*r. What are the prime factors of q?
2, 73
Let o = -2 - -5. Suppose 0 = o*p + 2*p - 5*c - 5, 4*p - 19 = c. Suppose -2*z = -p*z + 140. List the prime factors of z.
5, 7
Let y(s) = -3*s**3 - s**2 - 2*s - 1. Let d be y(-2). Suppose 0 = -h + 112 - d. What are the prime factors of h?
89
Let y be (-5 - -9) + -3*1. Let h be y/(1/9*3). Suppose -h*m + 7*m = 44. What are the prime factors of m?
11
Suppose 3*r + 2 = -7, 4*r + 334 = -2*i. Let p be -35 + 39 + (-6 - 0). List the prime factors of i/(-28) + p/(-8).
2, 3
Let l = 2927 + -2420. List the prime factors of l.
3, 13
Let l(b) = 3 + 0 - 5 + 34*b + 13*b. Let w be l(1). Suppose c = -k + 11, -4*k + w = c + 2*c. What are the prime factors of k?
2, 3
Suppose -d - h = -465, 3*h + 1014 = 2*d + 109. What are the prime factors of d?
2, 5, 23
Let x be -2*7/(-2) - 3. Suppose 4*c + x*c - 184 = 0. What are the prime factors of c?
23
Let i = 568 + -279. What are the prime factors of i?
17
Suppose 6*p - 12 = 2*p. Suppose 0 = p*c + y - 3*y - 169, 57 = c - y. List the prime factors of c.
5, 11
Let m(h) = 2*h + 7. Let f(n) = n + 17. Let w be (-5)/20 + (-38)/8. Let k be f(w). What are the prime factors of m(k)?
31
Let z(q) = 136*q**2 - 2*q. What are the prime factors of z(-3)?
2, 3, 5, 41
Let g = -63 - -66. Suppose 2*m + 1091 = 6*m + g*u, -518 = -2*m + 4*u. What are the prime factors of m?
269
What are the prime factors of (-26788)/(-20) + 161/(-115)?
2, 3, 223
Let w be 108/15*(-10)/(-3). List the prime factors of w*-6*4/(-8).
2, 3
Suppose 2*z - 3*g - 2 = 0, 0*z + z - 3*g = 4. What are the prime factors of (-1 - -2) + 118 + z?
3, 13
Suppose -3*n + 5*n - 10 = 0. Let d = -22 + 19. Let s = n + d. List the prime factors of s.
2
Suppose 390 = -l - 4*b + 2*b, 5*l = 3*b - 1976. Let x = 648 + l. What are the prime factors of x?
2, 127
Let y(a) = -2*a**2 - 8*a + 10. Let g be y(-19). Let x = -397 - g. What are the prime factors of x?
163
Let d = -2028 + 3610. List the prime factors of d.
2, 7, 113
Suppose 0 = 6*w - 2*w - 804. Suppose 69 = 5*t - w. What are the prime factors of t?
2, 3
Suppose 13*n = -n + 8918. List the prime factors of n.
7, 13
Let w(p) = p**3 - 10*p**2 + 9*p + 3. Let v be w(9). Suppose -5*f - 5*o + 3*o + 206 = 0, 2*o + 114 = v*f. List the prime factors of f.
2, 5
Let v = 71 + 48. Suppose -6*m = -427 - v. Suppose -m = -5*g + 59. List the prime factors of g.
2, 3, 5
Let b be (3/2)/(-1 - (-287)/284). Suppose 3*u + 3*p = p + 80, -p = -5*u + b. What are the prime factors of u?
2, 7
Let n(z) = 17*z - 6 - 5*z**3 - 23*z + 6*z**3. List the prime factors of n(4).
2, 17
Let v = -142 - -241. List the prime factors of v.
3, 11
Let a(j) = 2*j**2 + j - 2. Let q be a(-2). Suppose 0*x - 84 = -q*x + 3*u, 0 = -3*x + 5*u + 63. Let c = -15 + x. What are the prime factors of c?
2, 3
Suppose -3*l + 27 = 24. Suppose -2*p + 1 = -r, -r - l = -5*p + 3. Let i(f) = f + 1. What are the prime factors of i(p)?
2
Let q(w) = w**3 + 15*w**2 - w - 13. Let x be ((-18)/6)/(1/5). Let t be q(x). Suppose -2*i - t*i = -32. List the prime factors of i.
2
What are the prime factors of 105 - ((-26)/6 - 28/(-84))?
109
Let y(p) be the third derivative of 11*p**5/30 - p**4/8 - p**3/3 + 16*p**2. List the prime factors of y(-2).
2, 23
Let q be (-134)/6 + 8/24. List the prime factors of 22/(-121) + (-840)/q.
2, 19
Let f(z) = -63*z**3 - 9*z**2 - 7*z + 1. List the prime factors of f(-3).
2, 821
Let i(a) = a**2 - 6*a - 37. Let q